{"id":10,"date":"2022-12-11T11:04:31","date_gmt":"2022-12-11T11:04:31","guid":{"rendered":"https:\/\/assur.fi\/?page_id=10"},"modified":"2024-08-14T23:08:50","modified_gmt":"2024-08-14T23:08:50","slug":"projektin-tiedot","status":"publish","type":"page","link":"https:\/\/assur.fi\/index.php\/projektin-tiedot\/","title":{"rendered":"Ota yhteytt\u00e4"},"content":{"rendered":"\n<div class=\"wp-block-cover alignfull\" style=\"min-height:320px\"><span aria-hidden=\"true\" class=\"wp-block-cover__background has-nv-site-bg-background-color has-background-dim-100 has-background-dim\"><\/span><div class=\"wp-block-cover__inner-container\">\n<div class=\"is-layout-flow wp-block-group\"><div class=\"wp-block-group__inner-container\">\n<div class=\"is-layout-flex wp-container-3 wp-block-columns are-vertically-aligned-center\">\n<div class=\"is-layout-flow wp-block-column is-vertically-aligned-center\" style=\"flex-basis:70%\">\n<h1 class=\"has-text-align-left has-neve-text-color-color has-text-color\">Ota yhteytt\u00e4 meihin<\/h1>\n\n\n\n<p class=\"has-neve-text-color-color has-text-color\" style=\"font-size:22px\">Helpoin tapa varmistua siit\u00e4, onko ASSUR OY sopiva palveluntarjoaja tai yhteisty\u00f6kumppani juuri sinun tarpeisiisi, on ottaa yhtett\u00e4 ja kysy\u00e4 lis\u00e4\u00e4! <\/p>\n<\/div>\n\n\n\n<div class=\"is-layout-flow wp-block-column is-vertically-aligned-center\" style=\"flex-basis:30%\"><\/div>\n<\/div>\n<\/div><\/div>\n<\/div><\/div>\n\n\n\n<div class=\"wp-block-cover alignfull\" style=\"min-height:600px\"><span aria-hidden=\"true\" class=\"wp-block-cover__background has-nv-light-bg-background-color has-background-dim-100 has-background-dim\"><\/span><div class=\"wp-block-cover__inner-container\">\n<div class=\"is-layout-flow wp-block-group\"><div class=\"wp-block-group__inner-container\">\n<div style=\"height:80px\" aria-hidden=\"true\" class=\"wp-block-spacer\"><\/div>\n\n\n\n<div class=\"is-layout-flex wp-container-8 wp-block-columns\">\n<div class=\"is-layout-flow wp-block-column\" style=\"flex-basis:66.79%\"><div class=\"wp-block-image\">\n<figure class=\"aligncenter size-medium\"><img decoding=\"async\" loading=\"lazy\" width=\"225\" height=\"300\" src=\"https:\/\/assur.fi\/wp-content\/uploads\/2022\/12\/Jarkko-225x300.jpeg\" alt=\"\" class=\"wp-image-51\" srcset=\"https:\/\/assur.fi\/wp-content\/uploads\/2022\/12\/Jarkko-225x300.jpeg 225w, https:\/\/assur.fi\/wp-content\/uploads\/2022\/12\/Jarkko-769x1024.jpeg 769w, https:\/\/assur.fi\/wp-content\/uploads\/2022\/12\/Jarkko-768x1023.jpeg 768w, https:\/\/assur.fi\/wp-content\/uploads\/2022\/12\/Jarkko-1153x1536.jpeg 1153w, https:\/\/assur.fi\/wp-content\/uploads\/2022\/12\/Jarkko.jpeg 1331w\" sizes=\"(max-width: 225px) 100vw, 225px\" \/><\/figure><\/div>\n\n\n<div style=\"height:40px\" aria-hidden=\"true\" class=\"wp-block-spacer\"><\/div>\n<\/div>\n\n\n\n<div class=\"is-layout-flow wp-block-column\" style=\"flex-basis:34%\">\n<p class=\"has-neve-text-color-color has-text-color\">JARKKO SURVONEN <\/p>\n\n\n\n<p class=\"has-neve-text-color-color has-text-color\">Toimitusjohtaja | ASSUR OY<\/p>\n\n\n\n<p class=\"has-neve-text-color-color has-text-color\">+358 44 231 7822 | jarkko.survonen@assur.fi<\/p>\n\n\n\n<div class=\"is-layout-flex wp-block-buttons\"><\/div>\n\n\n\n<hr class=\"wp-block-separator has-css-opacity is-style-wide\"\/>\n<\/div>\n<\/div>\n\n\n\n<div style=\"height:40px\" aria-hidden=\"true\" class=\"wp-block-spacer\"><\/div>\n<\/div><\/div>\n\n\n\n<div class=\"is-layout-flow wp-block-group\"><div class=\"wp-block-group__inner-container\">\n<div style=\"height:80px\" aria-hidden=\"true\" class=\"wp-block-spacer\"><\/div>\n\n\n\n<div class=\"is-layout-flex wp-container-13 wp-block-columns\">\n<div class=\"is-layout-flow wp-block-column\" style=\"flex-basis:66.79%\"><div class=\"wp-block-image\">\n<figure class=\"aligncenter size-medium is-resized\"><img decoding=\"async\" src=\"https:\/\/assur.fi\/wp-content\/uploads\/2022\/12\/Elisamv2-2-240x300.jpeg\" alt=\"\" class=\"wp-image-173\" width=\"225\" srcset=\"https:\/\/assur.fi\/wp-content\/uploads\/2022\/12\/Elisamv2-2-240x300.jpeg 240w, https:\/\/assur.fi\/wp-content\/uploads\/2022\/12\/Elisamv2-2-820x1024.jpeg 820w, https:\/\/assur.fi\/wp-content\/uploads\/2022\/12\/Elisamv2-2-768x960.jpeg 768w, https:\/\/assur.fi\/wp-content\/uploads\/2022\/12\/Elisamv2-2-1229x1536.jpeg 1229w, https:\/\/assur.fi\/wp-content\/uploads\/2022\/12\/Elisamv2-2-1639x2048.jpeg 1639w\" sizes=\"(max-width: 240px) 100vw, 240px\" \/><\/figure><\/div>\n\n\n<div style=\"height:40px\" aria-hidden=\"true\" class=\"wp-block-spacer\"><\/div>\n<\/div>\n\n\n\n<div class=\"is-layout-flow wp-block-column\" style=\"flex-basis:34%\">\n<p class=\"has-neve-text-color-color has-text-color\">ELISA SURVONEN <\/p>\n\n\n\n<p class=\"has-neve-text-color-color has-text-color\">Toimisto | ASSUR OY<\/p>\n\n\n\n<p class=\"has-neve-text-color-color has-text-color\">+358 45 231 0300 | elisa.survonen@assur.fi<\/p>\n\n\n\n<div class=\"is-layout-flex wp-block-buttons\">\n<div class=\"wp-block-button is-style-primary\"><a class=\"wp-block-button__link wp-element-button\" href=\"https:\/\/www.linkedin.com\/in\/elisa-survonen-ba153524a\/\">LINKED IN<\/a><\/div>\n<\/div>\n\n\n\n<hr class=\"wp-block-separator has-css-opacity is-style-wide\"\/>\n\n\n\n<p class=\"has-neve-text-color-color has-text-color\"><\/p>\n<\/div>\n<\/div>\n\n\n\n<div style=\"height:40px\" aria-hidden=\"true\" class=\"wp-block-spacer\"><\/div>\n<\/div><\/div>\n<\/div><\/div>\n\n\n\n<div class=\"wp-block-cover alignfull\" style=\"min-height:300px\"><span aria-hidden=\"true\" class=\"wp-block-cover__background has-nv-dark-bg-background-color has-background-dim-100 has-background-dim\"><\/span><div class=\"wp-block-cover__inner-container\">\n<div style=\"height:140px\" aria-hidden=\"true\" class=\"wp-block-spacer\"><\/div>\n\n\n\n<h2 class=\"has-text-align-center has-nv-text-dark-bg-color has-text-color\">Asennuspalvelua tai yhteisty\u00f6kumppania vailla?<\/h2>\n\n\n\n<p class=\"has-text-align-center has-medium-font-size\">Lue lis\u00e4\u00e4 aikaisemmista projekteistamme!<\/p>\n\n\n\n<div class=\"is-content-justification-center is-layout-flex wp-container-15 wp-block-buttons\">\n<div class=\"wp-block-button is-style-primary\"><a class=\"wp-block-button__link wp-element-button\" href=\"https:\/\/assur.fi\/index.php\/portfolio\/\">PORTFOLIO<\/a><\/div>\n<\/div>\n\n\n\n<div style=\"height:140px\" aria-hidden=\"true\" class=\"wp-block-spacer\"><\/div>\n<\/div><\/div>\n","protected":false},"excerpt":{"rendered":"","protected":false},"author":1,"featured_media":0,"parent":0,"menu_order":0,"comment_status":"closed","ping_status":"closed","template":"","meta":{"neve_meta_sidebar":"","neve_meta_container":"","neve_meta_enable_content_width":"on","neve_meta_content_width":100,"neve_meta_title_alignment":"","neve_meta_author_avatar":"","neve_post_elements_order":"","neve_meta_disable_header":"","neve_meta_disable_footer":"","neve_meta_disable_title":"on"},"_links":{"self":[{"href":"https:\/\/assur.fi\/index.php\/wp-json\/wp\/v2\/pages\/10"}],"collection":[{"href":"https:\/\/assur.fi\/index.php\/wp-json\/wp\/v2\/pages"}],"about":[{"href":"https:\/\/assur.fi\/index.php\/wp-json\/wp\/v2\/types\/page"}],"author":[{"embeddable":true,"href":"https:\/\/assur.fi\/index.php\/wp-json\/wp\/v2\/users\/1"}],"replies":[{"embeddable":true,"href":"https:\/\/assur.fi\/index.php\/wp-json\/wp\/v2\/comments?post=10"}],"version-history":[{"count":16,"href":"https:\/\/assur.fi\/index.php\/wp-json\/wp\/v2\/pages\/10\/revisions"}],"predecessor-version":[{"id":193,"href":"https:\/\/assur.fi\/index.php\/wp-json\/wp\/v2\/pages\/10\/revisions\/193"}],"wp:attachment":[{"href":"https:\/\/assur.fi\/index.php\/wp-json\/wp\/v2\/media?parent=10"}],"curies":[{"name":"wp","href":"https:\/\/api.w.org\/{rel}","templated":true}]}}