{"id":6,"date":"2022-12-11T11:04:31","date_gmt":"2022-12-11T11:04:31","guid":{"rendered":"https:\/\/assur.fi\/?page_id=6"},"modified":"2024-08-14T23:34:19","modified_gmt":"2024-08-14T23:34:19","slug":"etusivu","status":"publish","type":"page","link":"https:\/\/assur.fi\/","title":{"rendered":"Etusivu"},"content":{"rendered":"\n<div class=\"wp-block-cover alignfull\" style=\"min-height:396px\"><span aria-hidden=\"true\" class=\"wp-block-cover__background has-nv-dark-bg-background-color has-background-dim-100 has-background-dim\"><\/span><div class=\"wp-block-cover__inner-container\">\n<div style=\"height:140px\" aria-hidden=\"true\" class=\"wp-block-spacer\"><\/div>\n\n\n\n<h2 class=\"has-text-align-center has-nv-text-dark-bg-color has-text-color\">Asennuspalvelua tai yhteisty\u00f6kumppania vailla?<\/h2>\n\n\n\n<div class=\"is-content-justification-center is-layout-flex wp-container-1 wp-block-buttons\">\n<div class=\"wp-block-button is-style-primary\"><a class=\"wp-block-button__link wp-element-button\" href=\"https:\/\/assur.fi\/index.php\/contact\/\">OTA YHTEYTT\u00c4<\/a><\/div>\n<\/div>\n\n\n\n<div style=\"height:140px\" aria-hidden=\"true\" class=\"wp-block-spacer\"><\/div>\n<\/div><\/div>\n\n\n\n<div style=\"height:80px\" aria-hidden=\"true\" class=\"wp-block-spacer\"><\/div>\n\n\n\n<div class=\"wp-block-cover alignfull is-light\" style=\"min-height:700px\"><span aria-hidden=\"true\" class=\"wp-block-cover__background has-background-dim-0 has-background-dim\"><\/span><img decoding=\"async\" class=\"wp-block-cover__image-background\" alt=\"\" src=\"https:\/\/assur.fi\/wp-content\/themes\/neve\/assets\/img\/starter-content\/hero.jpg\" style=\"object-position:50% 64%\" data-object-fit=\"cover\" data-object-position=\"50% 64%\"\/><div class=\"wp-block-cover__inner-container\">\n<div style=\"height:80px\" aria-hidden=\"true\" class=\"wp-block-spacer\"><\/div>\n\n\n\n<h1 class=\"has-text-align-center has-text-color\" style=\"color:#121212\">Ter\u00e4srakenteiden asennuspalveluja ja projektinjohtoa vankalla kokemuksella<\/h1>\n\n\n\n<p class=\"has-text-align-center has-text-color\" style=\"color:#121212;font-size:17px\"><\/p>\n\n\n\n<div class=\"is-content-justification-center is-layout-flex wp-container-2 wp-block-buttons\">\n<div class=\"wp-block-button is-style-primary\"><a class=\"wp-block-button__link wp-element-button\" href=\"https:\/\/assur.fi\/index.php\/tietoja\/\">LIS\u00c4\u00c4 MEIST\u00c4<\/a><\/div>\n<\/div>\n\n\n\n<div style=\"height:80px\" aria-hidden=\"true\" class=\"wp-block-spacer\"><\/div>\n\n\n\n<div style=\"height:80px\" aria-hidden=\"true\" class=\"wp-block-spacer\"><\/div>\n<\/div><\/div>\n\n\n\n<div style=\"height:100px\" aria-hidden=\"true\" class=\"wp-block-spacer\"><\/div>\n\n\n\n<div class=\"is-layout-flex wp-container-6 wp-block-columns\">\n<div class=\"is-layout-flow wp-block-column\"><div class=\"wp-block-image icon-style is-style-default\">\n<figure class=\"aligncenter is-resized\"><img decoding=\"async\" loading=\"lazy\" src=\"https:\/\/assur.fi\/wp-content\/themes\/neve\/assets\/img\/starter-content\/icon-03.svg\" alt=\"\" width=\"48\" height=\"48\"\/><\/figure><\/div>\n\n\n<h3 class=\"has-text-align-center has-neve-text-color-color has-text-color\">Ammattitaito<\/h3>\n\n\n\n<p class=\"has-text-align-center\">Monipuolista kokemusta erilaisista asennusprojekteista jo kahden vuosikymmenen verran.<\/p>\n\n\n\n<div style=\"height:20px\" aria-hidden=\"true\" class=\"wp-block-spacer\"><\/div>\n<\/div>\n\n\n\n<div class=\"is-layout-flow wp-block-column\"><div class=\"wp-block-image icon-style is-style-default\">\n<figure class=\"aligncenter is-resized\"><img decoding=\"async\" loading=\"lazy\" src=\"https:\/\/assur.fi\/wp-content\/themes\/neve\/assets\/img\/starter-content\/icon-02.svg\" alt=\"\" width=\"48\" height=\"48\"\/><\/figure><\/div>\n\n\n<h3 class=\"has-text-align-center has-neve-text-color-color has-text-color\">Luotettavuus<\/h3>\n\n\n\n<p class=\"has-text-align-center\">T\u00e4rkein arvomme on luotettavuus. Suhteet asiakkaisiin sek\u00e4 yhteisty\u00f6kumppaneihin on meille kunnia-asia!<\/p>\n\n\n\n<div style=\"height:20px\" aria-hidden=\"true\" class=\"wp-block-spacer\"><\/div>\n<\/div>\n\n\n\n<div class=\"is-layout-flow wp-block-column\"><div class=\"wp-block-image icon-style is-style-rounded\">\n<figure class=\"aligncenter is-resized\"><img decoding=\"async\" loading=\"lazy\" src=\"https:\/\/assur.fi\/wp-content\/themes\/neve\/assets\/img\/starter-content\/icon-01.svg\" alt=\"\" width=\"48\" height=\"48\"\/><\/figure><\/div>\n\n\n<h3 class=\"has-text-align-center has-neve-text-color-color has-text-color\">Nopeus<\/h3>\n\n\n\n<p class=\"has-text-align-center\">Vaikka maailma ei tekem\u00e4ll\u00e4 tulekaan valmiiksi, olemme tottuneet tarttumaan toimeen sek\u00e4 toteuttamaan projektit aikataulutehokkaasti.<\/p>\n\n\n\n<div style=\"height:20px\" aria-hidden=\"true\" class=\"wp-block-spacer\"><\/div>\n<\/div>\n<\/div>\n\n\n\n<div class=\"wp-block-cover alignfull\" style=\"min-height:600px\"><span aria-hidden=\"true\" class=\"wp-block-cover__background has-nv-site-bg-background-color has-background-dim-100 has-background-dim\"><\/span><div class=\"wp-block-cover__inner-container\">\n<div class=\"is-layout-flow wp-block-group\"><div class=\"wp-block-group__inner-container\">\n<div style=\"height:80px\" aria-hidden=\"true\" class=\"wp-block-spacer\"><\/div>\n\n\n\n<div class=\"is-layout-flex wp-container-10 wp-block-columns are-vertically-aligned-center\">\n<div class=\"is-layout-flow wp-block-column is-vertically-aligned-center\" style=\"flex-basis:50%\">\n<h2 class=\"has-text-align-left has-neve-text-color-color has-text-color\">Pahoittelut<\/h2>\n\n\n\n<p class=\"has-text-align-left has-neve-text-color-color has-text-color\" style=\"font-size:17px\">Verkkosivumme ovat vasta rakentumassa ja lis\u00e4\u00e4 sis\u00e4lt\u00f6\u00e4 tulossa. Pyyd\u00e4mme siis k\u00e4rsiv\u00e4llisyytt\u00e4! <\/p>\n\n\n\n<div class=\"is-content-justification-left is-layout-flex wp-container-7 wp-block-buttons\">\n<div class=\"wp-block-button is-style-primary\"><a class=\"wp-block-button__link wp-element-button\" href=\"#\">LEARN MORE<\/a><\/div>\n<\/div>\n\n\n\n<div style=\"height:40px\" aria-hidden=\"true\" class=\"wp-block-spacer\"><\/div>\n<\/div>\n\n\n\n<div class=\"is-layout-flow wp-block-column is-vertically-aligned-center\" style=\"flex-basis:50%\">\n<figure class=\"wp-block-image size-large\"><img decoding=\"async\" loading=\"lazy\" width=\"820\" height=\"1024\" src=\"https:\/\/assur.fi\/wp-content\/uploads\/2022\/12\/Kuva1-1-820x1024.jpeg\" alt=\"\" class=\"wp-image-95\" srcset=\"https:\/\/assur.fi\/wp-content\/uploads\/2022\/12\/Kuva1-1-820x1024.jpeg 820w, https:\/\/assur.fi\/wp-content\/uploads\/2022\/12\/Kuva1-1-240x300.jpeg 240w, https:\/\/assur.fi\/wp-content\/uploads\/2022\/12\/Kuva1-1-768x959.jpeg 768w, https:\/\/assur.fi\/wp-content\/uploads\/2022\/12\/Kuva1-1-1230x1536.jpeg 1230w, https:\/\/assur.fi\/wp-content\/uploads\/2022\/12\/Kuva1-1-1640x2048.jpeg 1640w\" sizes=\"(max-width: 820px) 100vw, 820px\" \/><\/figure>\n<\/div>\n<\/div>\n\n\n\n<div style=\"height:40px\" aria-hidden=\"true\" class=\"wp-block-spacer\"><\/div>\n<\/div><\/div>\n<\/div><\/div>\n\n\n\n<div class=\"wp-block-cover alignfull\" style=\"min-height:600px\"><span aria-hidden=\"true\" class=\"wp-block-cover__background has-nv-dark-bg-background-color has-background-dim-100 has-background-dim\"><\/span><div class=\"wp-block-cover__inner-container\">\n<div class=\"is-layout-flow wp-block-group\"><div class=\"wp-block-group__inner-container\">\n<div style=\"height:80px\" aria-hidden=\"true\" class=\"wp-block-spacer\"><\/div>\n\n\n\n<div class=\"is-layout-flex wp-container-15 wp-block-columns are-vertically-aligned-center\">\n<div class=\"is-layout-flow wp-block-column is-vertically-aligned-center\" style=\"flex-basis:50%\">\n<figure class=\"wp-block-image size-large\"><img decoding=\"async\" loading=\"lazy\" width=\"819\" height=\"1024\" src=\"https:\/\/assur.fi\/wp-content\/uploads\/2022\/12\/Kuva3-819x1024.jpeg\" alt=\"\" class=\"wp-image-96\" srcset=\"https:\/\/assur.fi\/wp-content\/uploads\/2022\/12\/Kuva3-819x1024.jpeg 819w, https:\/\/assur.fi\/wp-content\/uploads\/2022\/12\/Kuva3-240x300.jpeg 240w, https:\/\/assur.fi\/wp-content\/uploads\/2022\/12\/Kuva3-768x960.jpeg 768w, https:\/\/assur.fi\/wp-content\/uploads\/2022\/12\/Kuva3-1229x1536.jpeg 1229w, https:\/\/assur.fi\/wp-content\/uploads\/2022\/12\/Kuva3-1638x2048.jpeg 1638w, https:\/\/assur.fi\/wp-content\/uploads\/2022\/12\/Kuva3-scaled.jpeg 2048w\" sizes=\"(max-width: 819px) 100vw, 819px\" \/><\/figure>\n<\/div>\n\n\n\n<div class=\"is-layout-flow wp-block-column is-vertically-aligned-center\" style=\"flex-basis:50%\">\n<div style=\"height:40px\" aria-hidden=\"true\" class=\"wp-block-spacer\"><\/div>\n\n\n\n<h2 class=\"has-text-align-left has-nv-text-dark-bg-color has-text-color\">Rohkeus<\/h2>\n\n\n\n<p class=\"has-text-align-left has-nv-text-dark-bg-color has-text-color\" style=\"font-size:17px\">Meill\u00e4 on palo n\u00e4hd\u00e4 ja kokea lis\u00e4\u00e4. Kysy rohkeasti palveluidemme r\u00e4\u00e4t\u00e4l\u00f6imist\u00e4 tarpeisiisi sopivaksi! <\/p>\n\n\n\n<div class=\"is-content-justification-left is-layout-flex wp-container-13 wp-block-buttons\">\n<div class=\"wp-block-button is-style-primary\"><a class=\"wp-block-button__link wp-element-button\" href=\"https:\/\/assur.fi\/index.php\/projektin-tiedot\/\">YHTEYSTIEDOT<\/a><\/div>\n<\/div>\n<\/div>\n<\/div>\n\n\n\n<div style=\"height:40px\" aria-hidden=\"true\" class=\"wp-block-spacer\"><\/div>\n<\/div><\/div>\n<\/div><\/div>\n\n\n\n<div style=\"height:40px\" aria-hidden=\"true\" class=\"wp-block-spacer\"><\/div>\n\n\n\n<div class=\"wp-block-cover alignfull\" style=\"min-height:420px\"><span aria-hidden=\"true\" class=\"wp-block-cover__background has-nv-light-bg-background-color has-background-dim-100 has-background-dim\"><\/span><div class=\"wp-block-cover__inner-container\">\n<div style=\"height:80px\" aria-hidden=\"true\" class=\"wp-block-spacer\"><\/div>\n\n\n\n<div class=\"is-layout-flex wp-container-19 wp-block-columns\">\n<div class=\"is-layout-flow wp-block-column\">\n<figure class=\"wp-block-image size-medium is-style-rounded\"><img decoding=\"async\" loading=\"lazy\" width=\"300\" height=\"300\" src=\"https:\/\/assur.fi\/wp-content\/uploads\/2022\/12\/Jarkko-1-edited-300x300.jpeg\" alt=\"\" class=\"wp-image-79\" srcset=\"https:\/\/assur.fi\/wp-content\/uploads\/2022\/12\/Jarkko-1-edited-300x300.jpeg 300w, https:\/\/assur.fi\/wp-content\/uploads\/2022\/12\/Jarkko-1-edited-1024x1024.jpeg 1024w, https:\/\/assur.fi\/wp-content\/uploads\/2022\/12\/Jarkko-1-edited-150x150.jpeg 150w, https:\/\/assur.fi\/wp-content\/uploads\/2022\/12\/Jarkko-1-edited-768x768.jpeg 768w, https:\/\/assur.fi\/wp-content\/uploads\/2022\/12\/Jarkko-1-edited.jpeg 1331w\" sizes=\"(max-width: 300px) 100vw, 300px\" \/><\/figure>\n\n\n\n<p class=\"has-text-align-left has-neve-text-color-color has-text-color has-normal-font-size\"><\/p>\n\n\n\n<p class=\"has-neve-text-color-color has-text-color\">JARKKO SURVONEN | TOIMITUSJOHTAJA<\/p>\n\n\n\n<p class=\"has-text-align-left has-neve-text-color-color has-text-color\">Hitsaus- ja metallity\u00f6t, kuormausnosturin k\u00e4ytt\u00f6 asennusty\u00f6ss\u00e4, projektinjohtopalvelut<\/p>\n\n\n\n<div style=\"height:20px\" aria-hidden=\"true\" class=\"wp-block-spacer\"><\/div>\n<\/div>\n\n\n\n<div class=\"is-layout-flow wp-block-column\">\n<figure class=\"wp-block-image size-medium is-resized is-style-rounded\"><img decoding=\"async\" src=\"https:\/\/assur.fi\/wp-content\/uploads\/2022\/12\/Elisamv2-1-edited-scaled.jpeg\" alt=\"\" class=\"wp-image-171\" width=\"300\" srcset=\"https:\/\/assur.fi\/wp-content\/uploads\/2022\/12\/Elisamv2-1-edited-scaled.jpeg 2560w, https:\/\/assur.fi\/wp-content\/uploads\/2022\/12\/Elisamv2-1-edited-300x300.jpeg 300w, https:\/\/assur.fi\/wp-content\/uploads\/2022\/12\/Elisamv2-1-edited-1024x1024.jpeg 1024w, https:\/\/assur.fi\/wp-content\/uploads\/2022\/12\/Elisamv2-1-edited-150x150.jpeg 150w, https:\/\/assur.fi\/wp-content\/uploads\/2022\/12\/Elisamv2-1-edited-768x768.jpeg 768w, https:\/\/assur.fi\/wp-content\/uploads\/2022\/12\/Elisamv2-1-edited-1536x1536.jpeg 1536w\" sizes=\"(max-width: 2560px) 100vw, 2560px\" \/><\/figure>\n\n\n\n<p class=\"has-text-align-left has-neve-text-color-color has-text-color has-normal-font-size\"><\/p>\n\n\n\n<p class=\"has-neve-text-color-color has-text-color\">ELISA SURVONEN | TOIMISTO<\/p>\n\n\n\n<div style=\"height:20px\" aria-hidden=\"true\" class=\"wp-block-spacer\"><\/div>\n<\/div>\n<\/div>\n\n\n\n<div style=\"height:30px\" aria-hidden=\"true\" class=\"wp-block-spacer\"><\/div>\n<\/div><\/div>\n","protected":false},"excerpt":{"rendered":"<p>Ammattitaito Monipuolista kokemusta erilaisista asennusprojekteista jo kahden vuosikymmenen verran. Luotettavuus T\u00e4rkein arvomme on luotettavuus. Suhteet asiakkaisiin sek\u00e4 yhteisty\u00f6kumppaneihin on meille kunnia-asia! Nopeus Vaikka maailma ei tekem\u00e4ll\u00e4 tulekaan valmiiksi, olemme tottuneet tarttumaan toimeen sek\u00e4 toteuttamaan projektit aikataulutehokkaasti.<\/p>\n","protected":false},"author":1,"featured_media":0,"parent":0,"menu_order":0,"comment_status":"closed","ping_status":"closed","template":"","meta":{"neve_meta_sidebar":"","neve_meta_container":"","neve_meta_enable_content_width":"on","neve_meta_content_width":100,"neve_meta_title_alignment":"","neve_meta_author_avatar":"","neve_post_elements_order":"","neve_meta_disable_header":"","neve_meta_disable_footer":"","neve_meta_disable_title":"on"},"_links":{"self":[{"href":"https:\/\/assur.fi\/index.php\/wp-json\/wp\/v2\/pages\/6"}],"collection":[{"href":"https:\/\/assur.fi\/index.php\/wp-json\/wp\/v2\/pages"}],"about":[{"href":"https:\/\/assur.fi\/index.php\/wp-json\/wp\/v2\/types\/page"}],"author":[{"embeddable":true,"href":"https:\/\/assur.fi\/index.php\/wp-json\/wp\/v2\/users\/1"}],"replies":[{"embeddable":true,"href":"https:\/\/assur.fi\/index.php\/wp-json\/wp\/v2\/comments?post=6"}],"version-history":[{"count":28,"href":"https:\/\/assur.fi\/index.php\/wp-json\/wp\/v2\/pages\/6\/revisions"}],"predecessor-version":[{"id":196,"href":"https:\/\/assur.fi\/index.php\/wp-json\/wp\/v2\/pages\/6\/revisions\/196"}],"wp:attachment":[{"href":"https:\/\/assur.fi\/index.php\/wp-json\/wp\/v2\/media?parent=6"}],"curies":[{"name":"wp","href":"https:\/\/api.w.org\/{rel}","templated":true}]}}