{"id":7,"date":"2022-12-11T11:04:31","date_gmt":"2022-12-11T11:04:31","guid":{"rendered":"https:\/\/assur.fi\/?page_id=7"},"modified":"2024-08-14T23:23:19","modified_gmt":"2024-08-14T23:23:19","slug":"tietoja","status":"publish","type":"page","link":"https:\/\/assur.fi\/index.php\/tietoja\/","title":{"rendered":"Tietoa meist\u00e4"},"content":{"rendered":"\n<div class=\"wp-block-cover alignfull\" style=\"min-height:300px\"><span aria-hidden=\"true\" class=\"wp-block-cover__background has-nv-site-bg-background-color has-background-dim-100 has-background-dim\"><\/span><div class=\"wp-block-cover__inner-container\">\n<div class=\"is-layout-flow wp-block-group\"><div class=\"wp-block-group__inner-container\">\n<p class=\"has-neve-text-color-color has-text-color\">Tarjoamme projektinjohtopalveluja sek\u00e4 metallirakentamisen asennuspalveluja vankalla ammattitaidolla. <\/p>\n\n\n\n<p class=\"has-neve-text-color-color has-text-color\">Vaikka ASSUR OY on perustettu vasta vuonna 2022, on kokemusta erilaisista asennusprojekteista kertynyt huomattavasti pidemm\u00e4lt\u00e4 ajalta. Tarkemmin kun laskee, niin jo kahdelta vuosikymmenelt\u00e4! <br><\/p>\n<\/div><\/div>\n<\/div><\/div>\n\n\n\n<div class=\"wp-block-cover alignfull\" style=\"min-height:600px\"><span aria-hidden=\"true\" class=\"wp-block-cover__background has-nv-light-bg-background-color has-background-dim-100 has-background-dim\"><\/span><div class=\"wp-block-cover__inner-container\">\n<div class=\"is-layout-flow wp-block-group\"><div class=\"wp-block-group__inner-container\">\n<div style=\"height:80px\" aria-hidden=\"true\" class=\"wp-block-spacer\"><\/div>\n\n\n\n<div class=\"is-layout-flex wp-container-4 wp-block-columns are-vertically-aligned-center\">\n<div class=\"is-layout-flow wp-block-column is-vertically-aligned-center\" style=\"flex-basis:50%\">\n<figure class=\"wp-block-image size-large\"><img decoding=\"async\" loading=\"lazy\" width=\"820\" height=\"1024\" src=\"https:\/\/assur.fi\/wp-content\/uploads\/2022\/12\/Kuva1-820x1024.jpeg\" alt=\"\" class=\"wp-image-92\" srcset=\"https:\/\/assur.fi\/wp-content\/uploads\/2022\/12\/Kuva1-820x1024.jpeg 820w, https:\/\/assur.fi\/wp-content\/uploads\/2022\/12\/Kuva1-240x300.jpeg 240w, https:\/\/assur.fi\/wp-content\/uploads\/2022\/12\/Kuva1-768x959.jpeg 768w, https:\/\/assur.fi\/wp-content\/uploads\/2022\/12\/Kuva1-1230x1536.jpeg 1230w, https:\/\/assur.fi\/wp-content\/uploads\/2022\/12\/Kuva1-1640x2048.jpeg 1640w\" sizes=\"(max-width: 820px) 100vw, 820px\" \/><\/figure>\n<\/div>\n\n\n\n<div class=\"is-layout-flow wp-block-column is-vertically-aligned-center\" style=\"flex-basis:50%\">\n<h2 class=\"has-neve-text-color-color has-text-color\">Tarinamme<\/h2>\n\n\n\n<p class=\"has-neve-text-color-color has-text-color has-medium-font-size\">ASSUR OY:n omistaja Jarkko Survonen on aloittanut yritystoimintansa vuonna 2008 toiminimell\u00e4 ty\u00f6skennelty\u00e4\u00e4n pitk\u00e4\u00e4n maatalouden ruokintaj\u00e4rjestelmien asennusprojektien sek\u00e4 huollon parissa. Oman yritystoiminnan aloittamisen j\u00e4lkeen vaiherikkaat vuodet ovat sis\u00e4lt\u00e4neet mm. LVI-t\u00f6it\u00e4, maatalouden ruokkijaj\u00e4rjestelmien maahantuontia sek\u00e4 puu- ja metallirakentamista. Viimeiset 9 vuotta on kuitenkin toiminnan p\u00e4\u00e4painopiste ollut metallirakentamisessa sek\u00e4 erilaisten asennusprojektien vet\u00e4misess\u00e4.<\/p>\n<\/div>\n<\/div>\n\n\n\n<div style=\"height:40px\" aria-hidden=\"true\" class=\"wp-block-spacer\"><\/div>\n<\/div><\/div>\n<\/div><\/div>\n\n\n\n<div class=\"wp-block-cover alignfull\" style=\"min-height:420px\"><span aria-hidden=\"true\" class=\"wp-block-cover__background has-nv-site-bg-background-color has-background-dim-100 has-background-dim\"><\/span><div class=\"wp-block-cover__inner-container\">\n<div class=\"is-layout-flex wp-container-9 wp-block-columns\">\n<div class=\"is-layout-flow wp-block-column ticss-4ce656f1\">\n<figure class=\"wp-block-image is-resized icon-style is-style-rounded\"><img decoding=\"async\" loading=\"lazy\" src=\"https:\/\/assur.fi\/wp-content\/themes\/neve\/assets\/img\/starter-content\/icon-03.svg\" alt=\"\" width=\"48\" height=\"48\"\/><\/figure>\n\n\n\n<h3 class=\"has-text-align-left has-text-align-center has-neve-text-color-color has-text-color\">Luotettavuus<\/h3>\n\n\n\n<p class=\"has-text-align-left has-neve-text-color-color has-text-color\" style=\"font-size:15px\">T\u00e4rkein arvomme on luotettavuus. Meille suhteet asiakkaisiimme sek\u00e4 yhteisty\u00f6kumppaneihimme ovat prioriteetti.<\/p>\n\n\n\n<div style=\"height:20px\" aria-hidden=\"true\" class=\"wp-block-spacer\"><\/div>\n<\/div>\n\n\n\n<div class=\"is-layout-flow wp-block-column ticss-f6fc7494\">\n<figure class=\"wp-block-image is-resized icon-style is-style-rounded\"><img decoding=\"async\" loading=\"lazy\" src=\"https:\/\/assur.fi\/wp-content\/themes\/neve\/assets\/img\/starter-content\/icon-03.svg\" alt=\"\" width=\"48\" height=\"48\"\/><\/figure>\n\n\n\n<h3 class=\"has-text-align-left has-text-align-center has-neve-text-color-color has-text-color\">Yksinkertaisuus<\/h3>\n\n\n\n<p class=\"has-text-align-left has-neve-text-color-color has-text-color\" style=\"font-size:15px\">Sanomme ei hienoille sanoille, sek\u00e4 korulauseille. Keskitymme yksinkertaisesti siihen, mit\u00e4 olemme tekem\u00e4ss\u00e4.<\/p>\n\n\n\n<div style=\"height:20px\" aria-hidden=\"true\" class=\"wp-block-spacer\"><\/div>\n<\/div>\n\n\n\n<div class=\"is-layout-flow wp-block-column ticss-a5b4df29\">\n<figure class=\"wp-block-image is-resized icon-style is-style-rounded\"><img decoding=\"async\" loading=\"lazy\" src=\"https:\/\/assur.fi\/wp-content\/themes\/neve\/assets\/img\/starter-content\/icon-03.svg\" alt=\"\" width=\"48\" height=\"48\"\/><\/figure>\n\n\n\n<h3 class=\"has-text-align-left has-text-align-center has-neve-text-color-color has-text-color\">Tavoitteellisuus<\/h3>\n\n\n\n<p class=\"has-text-align-left has-neve-text-color-color has-text-color\" style=\"font-size:15px\">Aina voi ottaa askeleen eteenp\u00e4in! Kyky uudistua ja tavoitella rohkeasti uusia kokemuksia on veress\u00e4mme. <\/p>\n\n\n\n<div style=\"height:20px\" aria-hidden=\"true\" class=\"wp-block-spacer\"><\/div>\n<\/div>\n<\/div>\n<\/div><\/div>\n\n\n\n<div class=\"wp-block-cover alignfull\" style=\"min-height:600px\"><span aria-hidden=\"true\" class=\"wp-block-cover__background has-nv-dark-bg-background-color has-background-dim-100 has-background-dim\"><\/span><div class=\"wp-block-cover__inner-container\">\n<div class=\"is-layout-flow wp-block-group\"><div class=\"wp-block-group__inner-container\">\n<div style=\"height:80px\" aria-hidden=\"true\" class=\"wp-block-spacer\"><\/div>\n\n\n\n<div class=\"is-layout-flex wp-container-12 wp-block-columns are-vertically-aligned-center\">\n<div class=\"is-layout-flow wp-block-column is-vertically-aligned-center\" style=\"flex-basis:50%\">\n<h2 class=\"has-nv-text-dark-bg-color has-text-color\">Referenssej\u00e4<\/h2>\n\n\n\n<p class=\"has-nv-text-dark-bg-color has-text-color\">ASSUR OY on tuottanut alihankkijana ty\u00f6njohto- ja asennuspalveluja viime vuodet p\u00e4\u00e4s\u00e4\u00e4nt\u00f6isesti Konepaja Survonen Oy:lle. <br><br>Portfoliomme ei ole valitettavasti viel\u00e4 valmis julkaistavaksi, joten olethan suoraan yhteydess\u00e4 meihin referenssien osalta! <\/p>\n\n\n\n<div style=\"height:20px\" aria-hidden=\"true\" class=\"wp-block-spacer\"><\/div>\n\n\n\n<div style=\"height:20px\" aria-hidden=\"true\" class=\"wp-block-spacer\"><\/div>\n<\/div>\n\n\n\n<div class=\"is-layout-flow wp-block-column is-vertically-aligned-center\" style=\"flex-basis:50%\">\n<figure class=\"wp-block-image size-large\"><img decoding=\"async\" loading=\"lazy\" width=\"819\" height=\"1024\" src=\"https:\/\/assur.fi\/wp-content\/uploads\/2022\/12\/Kuva3-2-819x1024.jpeg\" alt=\"\" class=\"wp-image-109\" srcset=\"https:\/\/assur.fi\/wp-content\/uploads\/2022\/12\/Kuva3-2-819x1024.jpeg 819w, https:\/\/assur.fi\/wp-content\/uploads\/2022\/12\/Kuva3-2-240x300.jpeg 240w, https:\/\/assur.fi\/wp-content\/uploads\/2022\/12\/Kuva3-2-768x960.jpeg 768w, https:\/\/assur.fi\/wp-content\/uploads\/2022\/12\/Kuva3-2-1229x1536.jpeg 1229w, https:\/\/assur.fi\/wp-content\/uploads\/2022\/12\/Kuva3-2-1638x2048.jpeg 1638w, https:\/\/assur.fi\/wp-content\/uploads\/2022\/12\/Kuva3-2-scaled.jpeg 2048w\" sizes=\"(max-width: 819px) 100vw, 819px\" \/><\/figure>\n<\/div>\n<\/div>\n\n\n\n<div style=\"height:40px\" aria-hidden=\"true\" class=\"wp-block-spacer\"><\/div>\n<\/div><\/div>\n<\/div><\/div>\n\n\n\n<div class=\"wp-block-cover alignfull\" style=\"min-height:600px\"><span aria-hidden=\"true\" class=\"wp-block-cover__background has-nv-light-bg-background-color has-background-dim-100 has-background-dim\"><\/span><div class=\"wp-block-cover__inner-container\">\n<div class=\"is-layout-flow wp-block-group\"><div class=\"wp-block-group__inner-container\">\n<div style=\"height:80px\" aria-hidden=\"true\" class=\"wp-block-spacer\"><\/div>\n\n\n\n<div class=\"is-layout-flex wp-container-18 wp-block-columns\">\n<div class=\"is-layout-flow wp-block-column\"><div class=\"wp-block-image is-style-rounded\">\n<figure class=\"aligncenter size-medium is-resized\"><img decoding=\"async\" loading=\"lazy\" src=\"https:\/\/assur.fi\/wp-content\/uploads\/2022\/12\/Jarkko-5-225x300.jpeg\" alt=\"\" class=\"wp-image-113\" width=\"225\" height=\"300\" srcset=\"https:\/\/assur.fi\/wp-content\/uploads\/2022\/12\/Jarkko-5-225x300.jpeg 225w, https:\/\/assur.fi\/wp-content\/uploads\/2022\/12\/Jarkko-5-769x1024.jpeg 769w, https:\/\/assur.fi\/wp-content\/uploads\/2022\/12\/Jarkko-5-768x1023.jpeg 768w, https:\/\/assur.fi\/wp-content\/uploads\/2022\/12\/Jarkko-5-1153x1536.jpeg 1153w, https:\/\/assur.fi\/wp-content\/uploads\/2022\/12\/Jarkko-5.jpeg 1331w\" sizes=\"(max-width: 225px) 100vw, 225px\" \/><\/figure><\/div>\n\n\n<h3 class=\"has-text-align-center has-neve-text-color-color has-text-color\">Jarkko Survonen<\/h3>\n\n\n\n<p class=\"has-text-align-center has-neve-text-color-color has-text-color\">Toimitusjohtaja<\/p>\n\n\n\n<ul class=\"is-layout-flex wp-block-social-links aligncenter\"><li class=\"wp-social-link wp-social-link-linkedin wp-block-social-link\"><a href=\"https:\/\/#\"  class=\"wp-block-social-link-anchor\"><svg width=\"24\" height=\"24\" viewBox=\"0 0 24 24\" version=\"1.1\" xmlns=\"http:\/\/www.w3.org\/2000\/svg\" aria-hidden=\"true\" focusable=\"false\"><path d=\"M19.7,3H4.3C3.582,3,3,3.582,3,4.3v15.4C3,20.418,3.582,21,4.3,21h15.4c0.718,0,1.3-0.582,1.3-1.3V4.3 C21,3.582,20.418,3,19.7,3z M8.339,18.338H5.667v-8.59h2.672V18.338z M7.004,8.574c-0.857,0-1.549-0.694-1.549-1.548 c0-0.855,0.691-1.548,1.549-1.548c0.854,0,1.547,0.694,1.547,1.548C8.551,7.881,7.858,8.574,7.004,8.574z M18.339,18.338h-2.669 v-4.177c0-0.996-0.017-2.278-1.387-2.278c-1.389,0-1.601,1.086-1.601,2.206v4.249h-2.667v-8.59h2.559v1.174h0.037 c0.356-0.675,1.227-1.387,2.526-1.387c2.703,0,3.203,1.779,3.203,4.092V18.338z\"><\/path><\/svg><span class=\"wp-block-social-link-label screen-reader-text\">LinkedIn<\/span><\/a><\/li><\/ul>\n\n\n\n<p class=\"has-text-align-center has-neve-text-color-color has-text-color\">Hitsaus- ja metallity\u00f6t, kuormausnosturin k\u00e4ytt\u00f6 asennusty\u00f6ss\u00e4, projektinjohtopalvelut<\/p>\n<\/div>\n\n\n\n<div class=\"is-layout-flow wp-block-column\"><div class=\"wp-block-image is-style-rounded\">\n<figure class=\"aligncenter size-medium\"><img decoding=\"async\" loading=\"lazy\" width=\"240\" height=\"300\" src=\"https:\/\/assur.fi\/wp-content\/uploads\/2022\/12\/Elisamv2-240x300.jpeg\" alt=\"\" class=\"wp-image-166\" srcset=\"https:\/\/assur.fi\/wp-content\/uploads\/2022\/12\/Elisamv2-240x300.jpeg 240w, https:\/\/assur.fi\/wp-content\/uploads\/2022\/12\/Elisamv2-820x1024.jpeg 820w, https:\/\/assur.fi\/wp-content\/uploads\/2022\/12\/Elisamv2-768x960.jpeg 768w, https:\/\/assur.fi\/wp-content\/uploads\/2022\/12\/Elisamv2-1229x1536.jpeg 1229w, https:\/\/assur.fi\/wp-content\/uploads\/2022\/12\/Elisamv2-1639x2048.jpeg 1639w\" sizes=\"(max-width: 240px) 100vw, 240px\" \/><\/figure><\/div>\n\n\n<h3 class=\"has-text-align-center has-neve-text-color-color has-text-color\">Elisa Survonen<\/h3>\n\n\n\n<p class=\"has-text-align-center has-neve-text-color-color has-text-color\">Toimistopalvelut<\/p>\n\n\n\n<ul class=\"is-layout-flex wp-block-social-links aligncenter\"><li class=\"wp-social-link wp-social-link-linkedin wp-block-social-link\"><a href=\"https:\/\/www.linkedin.com\/in\/elisa-survonen-ba153524a\/\"  class=\"wp-block-social-link-anchor\"><svg width=\"24\" height=\"24\" viewBox=\"0 0 24 24\" version=\"1.1\" xmlns=\"http:\/\/www.w3.org\/2000\/svg\" aria-hidden=\"true\" focusable=\"false\"><path d=\"M19.7,3H4.3C3.582,3,3,3.582,3,4.3v15.4C3,20.418,3.582,21,4.3,21h15.4c0.718,0,1.3-0.582,1.3-1.3V4.3 C21,3.582,20.418,3,19.7,3z M8.339,18.338H5.667v-8.59h2.672V18.338z M7.004,8.574c-0.857,0-1.549-0.694-1.549-1.548 c0-0.855,0.691-1.548,1.549-1.548c0.854,0,1.547,0.694,1.547,1.548C8.551,7.881,7.858,8.574,7.004,8.574z M18.339,18.338h-2.669 v-4.177c0-0.996-0.017-2.278-1.387-2.278c-1.389,0-1.601,1.086-1.601,2.206v4.249h-2.667v-8.59h2.559v1.174h0.037 c0.356-0.675,1.227-1.387,2.526-1.387c2.703,0,3.203,1.779,3.203,4.092V18.338z\"><\/path><\/svg><span class=\"wp-block-social-link-label screen-reader-text\">LinkedIn<\/span><\/a><\/li><\/ul>\n\n\n\n<div style=\"height:40px\" aria-hidden=\"true\" class=\"wp-block-spacer\"><\/div>\n<\/div>\n<\/div>\n\n\n\n<div style=\"height:40px\" aria-hidden=\"true\" class=\"wp-block-spacer\"><\/div>\n<\/div><\/div>\n<\/div><\/div>\n","protected":false},"excerpt":{"rendered":"","protected":false},"author":1,"featured_media":0,"parent":0,"menu_order":0,"comment_status":"closed","ping_status":"closed","template":"","meta":{"neve_meta_sidebar":"","neve_meta_container":"","neve_meta_enable_content_width":"on","neve_meta_content_width":100,"neve_meta_title_alignment":"","neve_meta_author_avatar":"","neve_post_elements_order":"","neve_meta_disable_header":"","neve_meta_disable_footer":"","neve_meta_disable_title":"on"},"_links":{"self":[{"href":"https:\/\/assur.fi\/index.php\/wp-json\/wp\/v2\/pages\/7"}],"collection":[{"href":"https:\/\/assur.fi\/index.php\/wp-json\/wp\/v2\/pages"}],"about":[{"href":"https:\/\/assur.fi\/index.php\/wp-json\/wp\/v2\/types\/page"}],"author":[{"embeddable":true,"href":"https:\/\/assur.fi\/index.php\/wp-json\/wp\/v2\/users\/1"}],"replies":[{"embeddable":true,"href":"https:\/\/assur.fi\/index.php\/wp-json\/wp\/v2\/comments?post=7"}],"version-history":[{"count":32,"href":"https:\/\/assur.fi\/index.php\/wp-json\/wp\/v2\/pages\/7\/revisions"}],"predecessor-version":[{"id":195,"href":"https:\/\/assur.fi\/index.php\/wp-json\/wp\/v2\/pages\/7\/revisions\/195"}],"wp:attachment":[{"href":"https:\/\/assur.fi\/index.php\/wp-json\/wp\/v2\/media?parent=7"}],"curies":[{"name":"wp","href":"https:\/\/api.w.org\/{rel}","templated":true}]}}